y m.
55
Suppose -82 = -q + 2*m, -3*q - 70*m + 75*m = -249. Let o(r) = r**3 - 4*r - 1. Calculate the remainder when q is divided by o(3).
4
Let h = -7625 - -13520. Calculate the remainder when h is divided by 1965.
0
Suppose 44 = 10*j - 6. Calculate the remainder when 61 is divided by 4 + -7 - (-21 + j).
9
Suppose -5*w - 5 = -5*n, -5*w - 2 = 2*n - 6*n. Let f(r) = 6*r**2 + 7*r - 4. Suppose -2*u = -u - 24. Calculate the remainder when f(n) is divided by u.
23
Let m(f) = 2*f**3 + 28*f**2 - 15*f - 15. What is the remainder when m(-12) is divided by 6?
3
Let t(w) = -w + 29. Let x be t(13). Let k = 12 - x. Calculate the remainder when 0*k/(-8) - -119 is divided by 40.
39
Let b = 969 - 929. What is the remainder when 1562 is divided by b?
2
Let q(m) = -18*m + 3*m + 2 - 11*m. Let x(r) = -r**3 + 49*r**2 - 39*r - 392. What is the remainder when q(-6) is divided by x(48)?
38
Let s = 418 - 154. What is the remainder when (2/(-1) - -4)*26 is divided by s/14 - (-84)/(-98)?
16
Suppose -4*u - 54 = 250. Let n = u - -83. Suppose 6*o - n*o = -12. Calculate the remainder when o is divided by 7.
5
Let b(i) = i**2 - 3*i**2 + 2*i + i**2 - i - 10. Let q be b(-5). Calculate the remainder when 36 is divided by (0 + -3)/(6/q + 0).
16
Suppose -5839 - 1611 = -5*o. Suppose -11*u + u + o = 0. Let z = -261 + 299. Calculate the remainder when u is divided by z.
35
Let p be (-63)/(-105) - (-6)/(-10). Suppose -5*z + p = -5. What is the remainder when 115/4 + z/4 is divided by 6?
5
Let k = 63 + -601. Let f = 615 + k. What is the remainder when 162 is divided by f?
8
Let x(j) = -3*j + 25. Let m be x(-10). Let v = m + -49. Suppose 50 = -v*a + 1064. Calculate the remainder when a is divided by 34.
33
Let f(j) = -5*j**2 + 148*j + 51. Calculate the remainder when f(28) is divided by 27.
5
Let u be -6 + 1205/5 + 2. Let n = u + -201. Calculate the remainder when 118 is divided by n.
10
Let x be 4*(7 + -5)*(-1)/(-4). Suppose -364 = -x*n + k, n = k + 48 + 133. What is the remainder when n is divided by (40/(-30))/((-8)/372)?
59
Let k = -117 + -4. Let i = k + 157. What is the remainder when i is divided by 2/4 - (-50)/4?
10
Suppose -21*w + v = -24*w + 892, -1191 = -4*w - 3*v. Let d = -267 + w. What is the remainder when d is divided by 19?
11
Let x(i) = 2*i + 8. Let a be x(-3). What is the remainder when 25 is divided by ((-42)/(-15))/(a + 16/(-10))?
4
Suppose -19*k - 2046 = -23*k + 638. What is the remainder when k is divided by 8?
7
Let x(y) = 34*y**2 - 194*y - 587. What is the remainder when x(-3) is divided by 165?
136
Suppose -1400 - 1176 = -92*r. Calculate the remainder when 82 is divided by r.
26
Let n = 172 + -160. Suppose 0 = n*o + o - 1443. What is the remainder when o is divided by 14?
13
Let d be 366/10 - (-12)/(-20). Suppose -2*w - d - 6 = -5*f, 2*f = -4*w + 12. Suppose 3*s = -2*s + 20. Calculate the remainder when f is divided by s.
0
Let g(c) = c**3 - 16*c**2 + 6*c + 15. Let w(i) = i**3 - 15*i**2 + 7*i + 14. Let o(v) = -2*g(v) + 3*w(v). What is the remainder when o(13) is divided by 33?
30
Let x = 4791 + -3675. Calculate the remainder when x is divided by 552.
12
What is the remainder when 30/18 + (-280)/(-12) is divided by 5/45*38 - (-6)/(-27)?
1
Let j(o) = 3*o**2 - 50*o + 58. Calculate the remainder when 570 is divided by j(16).
24
Suppose 0 = n - 25 + 4. Calculate the remainder when 3*17*(11 - 315/28)*-4 is divided by n.
9
Suppose -3*f - 75 = -4*c, -4*c - 5*f + 60 = -39. What is the remainder when 1068 is divided by c?
18
Let o(x) = x**2 + 12*x + 26. Let a be o(-10). Suppose -2 - a = i. What is the remainder when 128 is divided by 11 + i - (-60)/2?
29
Suppose 2*y = 4*h, 2*y + 9*h = 4*h + 9. Let g = -514 + 522. Suppose 18 = y*x - g. Calculate the remainder when 89 is divided by x.
11
Suppose -i - 579 = -5*f + 925, 4*i - 4 = 0. Suppose -305*l = -f*l - 256. Calculate the remainder when l is divided by 22.
20
Suppose -4*l + 4 - 16 = -5*i, 2*i - l = 6. Suppose 3*s + u - 451 = -i*u, -720 = -5*s - 2*u. Calculate the remainder when s is divided by 36.
34
Suppose -o = -4*o + 123. Let i be 66*(-5 - 140/(-15)). Suppose 9*n = 22*n - i. Calculate the remainder when o is divided by n.
19
Let s(k) = -k**3 - 4*k**2 + k + 78. Calculate the remainder when 659 is divided by s(-4).
67
Suppose -5*a + 1432 = -d - 354, -a - d = -356. Suppose -2*m + m = 3*i - 151, -2*m + a = -5*i. What is the remainder when m is divided by 58?
50
Suppose 5*w = -o + 2354, w + 0*o - 454 = -3*o. What is the remainder when w is divided by 459?
13
What is the remainder when -8 - 196096/(-72) - (-8)/18 is divided by 143?
142
Let q(c) = -194*c - 1927. Calculate the remainder when 13088 is divided by q(-10).
10
Let p = 305 + -181. Let m(h) = h**2 - 161*h + 6452. Calculate the remainder when p is divided by m(87).
12
Let p(b) = 59*b + 1627. Calculate the remainder when p(-12) is divided by 12.
7
Let j be (-665)/(-171) - (-1)/9. Suppose t + 15 = j*t. Suppose -o + 165 = o + 5*q, 5 = -t*q. What is the remainder when o is divided by 29?
27
Let g(q) = 8*q - 206. Let y be (162/(-243))/((-4)/162). Suppose 2*k - 3*k = -1. What is the remainder when g(y) is divided by k?
0
Let l = 18371 + -18324. What is the remainder when 124 is divided by l?
30
Let c(r) = 3*r + 131. Let q be c(-42). Suppose -4*g + 24 = 2*l, 0*g + 4*g - 48 = -q*l. Calculate the remainder when (32/(-12))/((-4)/18) is divided by l.
4
Suppose 4*g = -0*g + 64. Suppose 6*n - 64 = -g. Calculate the remainder when 1/(56/(-58) + 1) is divided by n.
5
Suppose 0 = 2*w - 2*p - 448, -3*p - 902 = 26*w - 30*w. Calculate the remainder when 8738 is divided by w.
228
What is the remainder when 2109 is divided by -4 - 14/(84/(-54)) - (-1 - -1)?
4
Let w = 18 + -13. Suppose -10 = w*c + 4*t, -15 = -0*t + 3*t. Suppose 10 + 88 = c*y. What is the remainder when 144 is divided by y?
46
Let t(m) = 12*m**2 - 54*m - 1. Let v be t(5). Suppose 41 = 4*l - 5*c, -6*l + 5*l + 5*c = -v. Calculate the remainder when 25 is divided by l.
1
Let j = 345 + -319. Suppose 30*s - 35*s = -205. Calculate the remainder when s is divided by j.
15
Let f = -1950 + 2397. What is the remainder when f is divided by 56?
55
Let y(b) = -b**2 - b + 10. Let x be y(-3). Suppose x*f + 6*f = 170. What is the remainder when 134 is divided by f?
15
Suppose -23*m + 39*m - 2016 = 0. Let l be (0 - (-159)/9)/((-3)/9). Let x = l - -69. Calculate the remainder when m is divided by x.
14
Suppose -3*d - 885 = -957. Calculate the remainder when 1379 is divided by d.
11
Let y(p) = -p**3 + p**2 + 19*p + 142. What is the remainder when y(0) is divided by 37?
31
Suppose -4*u + 166 + 130 = 0. Suppose t = -7*r + 9*r + 866, -4*t + 5*r = -3449. Let d = t + -840. What is the remainder when u is divided by d?
10
Let c(y) = -y**3 + 25*y**2 + 2*y - 34. Let i be c(25). Let p(m) = m**3 - 14*m**2 - 30*m - 1. What is the remainder when p(i) is divided by 17?
14
Let p be (-2)/(-4) + 253/(-2) + 6. Let u = -76 - p. Calculate the remainder when 129 is divided by u.
41
Let l(a) = -a**3 + 19*a**2 + 20*a + 42. Suppose -5*m = m - 900. What is the remainder when m is divided by l(20)?
24
Suppose 5 = 4*w + 13. Let b(j) = -127 - 9*j - 117 + 262. Calculate the remainder when b(w) is divided by 15.
6
Suppose -11*n + 21 + 111 = 0. What is the remainder when 27 is divided by (9/n)/((-1)/(-4)) + 22?
2
Suppose 0 = 3*l - 2*l + 5*j + 3, -4*l - 3*j = 12. Let m be l/24 - (2 + 15300/(-32)). What is the remainder when 5 is divided by (-1)/4 - m/(-112)?
1
Suppose 2*k = 3*q + 372, -k + 236 = -q + 51. What is the remainder when k is divided by 172?
11
Suppose 0 = -m + 4*s + 108, -2*m + 5*m - 292 = 4*s. Suppose -m*x + 94*x - 216 = 0. Calculate the remainder when x is divided by 55.
53
Suppose -r + 3*k + 64 = 0, 0 = 3*k - 1 - 14. Let u(d) = 2*d**2 + 4*d + 6. Let n be u(6). Let q = -61 + n. What is the remainder when r is divided by q?
38
Let a(o) = 4*o**2 - 36*o + 1024. What is the remainder when a(18) is divided by 67?
64
Let h(m) = -40*m - 73. Calculate the remainder when 296 is divided by h(-9).
9
Let z(w) = 28*w**3 - 5*w + 19. What is the remainder when z(2) is divided by 80?
73
Let l(d) = d**3 - 7*d**2 - d + 10. Let b be l(7). Calculate the remainder when 129 is divided by (-11)/b*24/32*-12.
30
Let c(w) = 141*w + 2204. What is the remainder when c(21) is divided by 